f 355?
True
Is 105642153 a multiple of 691?
True
Is 76 a factor of 660529908?
True
Is 138268249 a multiple of 1553?
True
Is 44 a factor of 524273833?
False
Is 41530469 a multiple of 3126?
False
Is 909835542 a multiple of 7909?
True
Is 7758815 a multiple of 17?
False
Does 18 divide 79373200?
False
Does 166 divide 39591159?
False
Is 7517 a factor of 28812661?
True
Is 16 a factor of 9319424?
True
Is 119 a factor of 3550598348?
False
Is 15 a factor of 281426385?
True
Is 591521475 a multiple of 1611?
False
Is 695092214 a multiple of 136?
False
Is 337 a factor of 4705351281?
False
Is 58069363 a multiple of 11?
True
Is 5 a factor of 133660820?
True
Is 130786487 even?
False
Is 3466510576 a multiple of 514?
True
Does 84 divide 271188624?
True
Is 481 a factor of 2348334830?
False
Is 19071500 a multiple of 70?
True
Is 8 a factor of 2511448?
True
Is 382883644 a multiple of 13?
True
Does 3 divide 58483200?
True
Does 51 divide 680034?
True
Does 486 divide 1223474717?
False
Is 89 a factor of 111806962?
True
Does 22 divide 9071888?
False
Is 181769700 a multiple of 210?
True
Is 54087360 a multiple of 24?
True
Is 76 a factor of 127248548?
True
Does 13 divide 1018134?
True
Does 171 divide 55353897?
True
Does 647 divide 1850666329?
False
Is 14637787 a multiple of 5?
False
Is 94815708 a multiple of 526?
True
Does 147 divide 6597213?
True
Does 15 divide 164298975?
True
Is 34 a factor of 1444755439?
False
Does 650 divide 1721775250?
True
Does 1815 divide 55377465?
True
Is 857 a factor of 117543931?
False
Does 7 divide 10534265?
True
Does 98 divide 2729893?
False
Does 224 divide 1537740950?
False
Is 57 a factor of 77138670?
True
Is 844 a factor of 145025715?
False
Does 62 divide 45444264?
True
Does 68 divide 128281932?
True
Is 258 a factor of 61308099?
False
Is 22443403 a multiple of 2226?
False
Is 82581823 a multiple of 266?
False
Is 660757160 a multiple of 99?
False
Is 58 a factor of 401601217?
False
Is 43 a factor of 40015378?
False
Does 8 divide 47681632?
True
Is 64 a factor of 71850431?
False
Is 955 a factor of 1456404605?
True
Is 9 a factor of 530087229?
True
Is 15 a factor of 3944321610?
True
Is 544861172 a multiple of 26?
False
Is 17175249 a multiple of 9?
True
Is 241 a factor of 20120399?
False
Does 81 divide 151431197?
False
Does 21 divide 1414432635?
True
Is 1780 a factor of 27885822?
False
Does 273 divide 578562348?
True
Is 328 a factor of 10138768?
False
Is 3128 a factor of 596753584?
True
Does 52 divide 3010206?
False
Is 76240615 a multiple of 36?
False
Does 586 divide 29196230?
False
Is 273 a factor of 1893110037?
True
Does 56 divide 1040229736?
True
Is 391 a factor of 5258168?
True
Does 490 divide 25627000?
True
Is 124857896 a multiple of 344?
True
Does 42 divide 49450800?
True
Is 14632020 a multiple of 507?
True
Is 2055 a factor of 646371480?
True
Is 52728048 a multiple of 48?
True
Is 459913846 a multiple of 249?
False
Is 172902977 a multiple of 792?
False
Is 6190472679 a multiple of 313?
False
Is 5 a factor of 77067708?
False
Does 380 divide 4894898?
False
Does 14 divide 5118666?
True
Does 12 divide 141366996?
True
Does 1878 divide 1085156750?
False
Is 7932225 a multiple of 1015?
True
Is 19 a factor of 377628610?
True
Is 957600836 a multiple of 19?
True
Is 788 a factor of 130675881?
False
Is 26 a factor of 5823291?
False
Is 17266383 even?
False
Is 2177406164 a multiple of 141?
False
Is 38 a factor of 4571804966?
True
Is 3451762 a multiple of 149?
False
Is 134 a factor of 110304423?
False
Is 2922 a factor of 1181463948?
True
Is 420744994 a multiple of 158?
True
Is 503 a factor of 287275905?
False
Is 13 a factor of 467393446?
True
Is 1655 a factor of 11643637?
False
Is 22828239 a multiple of 3?
True
Does 130 divide 354570763?
False
Is 267203695 a multiple of 517?
True
Is 28978596 a multiple of 963?
True
Does 1098 divide 5404356?
True
Is 24183554 a multiple of 34?
True
Is 131 a factor of 115550384?
True
Does 21 divide 4912341?
True
Is 644242250 a multiple of 15?
False
Does 283 divide 22493612?
False
Is 3667 a factor of 12552141?
True
Is 305560218 a multiple of 59?
False
Is 8426108 a multiple of 2?
True
Does 3875 divide 767016028?
False
Is 167004896 a multiple of 16?
True
Is 13854466 a multiple of 179?
False
Does 48 divide 96370544?
False
Is 66 a factor of 349477627?
False
Is 12 a factor of 258384125?
False
Is 14 a factor of 35826266?
True
Is 115 a factor of 1380307855?
True
Does 6 divide 12462223?
False
Does 13 divide 5122567?
False
Is 55359794 a multiple of 23?
False
Is 542914241 a multiple of 31?
False
Is 17 a factor of 1914378999?
False
Is 3551437 a multiple of 35?
False
Is 1674544806 a multiple of 27?
True
Is 478775 even?
False
Is 508 a factor of 227908612?
True
Is 25095945 a multiple of 21?
True
Does 4544 divide 350160640?
True
Is 137749818 a multiple of 6?
True
Does 34 divide 3970361716?
False
Is 17359691 even?
False
Does 6 divide 25246437?
False
Is 846480995 a multiple of 88?
False
Is 82436924 a multiple of 11?
False
Does 1250 divide 137788615?
False
Is 18902383 a multiple of 414?
False
Is 1070989024 a multiple of 406?
True
Is 197 a factor of 6277996?
True
Is 23 a factor of 2809788238?
True
Does 190 divide 749378050?
True
Is 342 a factor of 124506927?
False
Does 1707 divide 91856931?
False
Is 63888131 a multiple of 219?
False
Is 11 a factor of 17173521?
False
Is 74 a factor of 2513001?
False
Is 26840640 a multiple of 240?
True
Is 2130 a factor of 76786338?
False
Is 91678262 a multiple of 746?
False
Does 349 divide 140453020?
False
Does 65 divide 296707876?
False
Is 1079 a factor of 39779889?
False
Does 297 divide 106970091?
False
Does 10 divide 511283388?
False
Is 1577 a factor of 383429864?
False
Is 241551540 a multiple of 75?
False
Is 149 a factor of 1540809?
True
Does 184 divide 18683849?
False
Is 6094194 a multiple of 102?
True
Is 41059872 a multiple of 504?
True
Is 14305861 a multiple of 1274?
False
Does 5 divide 195268655?
True
Is 266 a factor of 581747945?
False
Is 104235155 a multiple of 872?
False
Is 370262016 a multiple of 777?
False
Is 215 a factor of 92856164?
False
Is 67 a factor of 4457834?
False
Does 32 divide 405544480?
True
Is 35426817 a multiple of 4?
False
Is 77972373 a multiple of 1783?
True
Is 26471944 a multiple of 3?
False
Does 180 divide 62854731?
False
Is 815195 a multiple of 213?
False
Is 88 a factor of 22751712?
False
Does 972 divide 82941732?
True
Is 14020104 a multiple of 4?
True
Does 38 divide 256796443?
False
Is 195066855 a multiple of 480?
False
Is 109536336 a multiple of 10647?
True
Does 16 divide 10971152?
True
Does 13 divide 857978802?
False
Does 29 divide 5149295303?
True
Is 8 a factor of 31794008?
True
Does 257 divide 466042449?
False
Is 2499491384 a multiple of 4637?
True
Is 315 a factor of 21997569?
False
Is 612 a factor of 289141848?
True
Does 252 divide 82240704?
True
Does 134 divide 28455704?
True
Is 153 a factor of 14445247?
False
Is 459170932 a multiple of 389?
True
Is 143 a factor of 123115301?
False
Is 429 a factor of 514947147?
True
Is 246014361 a multiple of 1917?
True
Is 5 a factor of 49965655?
True
Is 30 a factor of 1472098169?
False
Is 103 a factor of 22517551?
True
Is 6838251 a multiple of 8?
False
Is 30 a factor of 158774100?
True
Does 10 divide 155085144?
False
Is 194 a factor of 2527820?
True
Is 62488144 a multiple of 10?
False
Does 29 divide 200526967?
True
Is 1446 a factor of 1127649803?
False
Does 9 divide 13655196?
True
Is 972082076 a multiple of 2351?
True
Does 1017 divide 35149343?
False
Is 88679175 a multiple of 39?
True
Is 31 a factor of 18845303?
True
Is 7 a factor of 1131436807?
False
Does 803 divide 18566708?
False
Does 1024 divide 23705600?
True
Is 33181083 a multiple of 26?
False
Is 9818442 a multiple of 280?
False
Is 75 a factor of 3392938725?
True
Is 29989253 a multiple of 541?
True
Does 19 divide 14589734?
False
Does 2482 divide 6675640?
False
Does 63 divide 152792106?
False
Is 2206 a factor of 20585631?
False
Does 324 divide 2173530024?
True
Does 4506 divide 98870652?
True
Is 21823263 a multiple of 134?
False
Is 34289902 a multiple of 2?
True
Does 181 divide 43174292?
True
Does 15 divide 231460?
False
Is 861048384 a multiple of 7448?
True
Is 3049760 a multiple of 392?
True
Is 5608 a factor of 937775368?
True
Is 910250912 a multiple of 510?
False
Does 51 divide 78929640?